{"id":558,"date":"2023-09-28T09:31:51","date_gmt":"2023-09-28T07:31:51","guid":{"rendered":"https:\/\/www.sophisticated-living.ka-sale.de\/?post_type=product&amp;p=558"},"modified":"2025-02-04T09:08:50","modified_gmt":"2025-02-04T09:08:50","slug":"zamba","status":"publish","type":"product","link":"https:\/\/www.lager-sales.de\/index.php\/produkt\/zamba\/","title":{"rendered":"Zamba"},"content":{"rendered":"\n<h2 class=\"wp-block-heading\"><strong>Zamba<\/strong><\/h2>\n\n\n\n<p>Wer tr\u00e4umt nicht davon? Erholsamer Schlaf und ein erlesenes Schlafzimmerambiente wie in einem Luxushotel. Dieses Boxspringbett ist wie gemacht f\u00fcr anspruchsvoll eingerichtete Interieurs, spendet Ruhe und strahlt Gelassenheit aus. Schlafen wie im siebten Himmel \u2013 daf\u00fcr wurde es designt. Dieses Polsterbett begeistert durch seine wundersch\u00f6ne, noble Optik. Die symmetrisch angeordneten, punktuellen Einz\u00fcge und die schlichte Umrandung des 160cm hohen Kopfteils kennzeichnen die Eleganz dieses Polsterbettes. Dar\u00fcber hinaus k\u00f6nnen Sie aus 18 verschiedenen Kopfteildesigns w\u00e4hlen, um es Ihrem Stil anzupassen.<br><br>Dieses BOXSPRINGBETT hat einen geschlossenen Korpus bezogen mit einer Husse, welche mit Klett befestigt wird. Wahlweise ist es auch lieferbar in einer H\u00f6he von 22cm oder 32cm.<\/p>\n","protected":false},"excerpt":{"rendered":"<p>Boxspringbett<\/p>\n<p>Konfiguration: Boxspringbett &amp; Kopfteil mit quadratischer Faltung und Keder <br \/>Ma\u00dfe (cm): B160 x L2115 x H40\/ Rahmen H\u00f6he 22cm Kopfteil: H\u00f6he 115cm <br \/>Preiskategorie: Stoff A<br \/>Bezug: Falcone 21 SIlver<br \/>Fu\u00df: #12.73 \/ Metall \/ schwarz \/ 18cm<\/p>\n<p>Matratze Royal Deluxe 160x200x27cm (zus. 950.-)<\/p>\n","protected":false},"featured_media":1001,"template":"","meta":{"inline_featured_image":false,"_sitemap_exclude":false,"_sitemap_priority":"","_sitemap_frequency":""},"pwb-brand":[],"product_brand":[],"product_cat":[20],"product_tag":[],"class_list":{"0":"post-558","1":"product","2":"type-product","3":"status-publish","4":"has-post-thumbnail","6":"product_cat-betten","8":"first","9":"outofstock","10":"sale","11":"sold-individually","12":"shipping-taxable","13":"purchasable","14":"product-type-simple"},"jetpack_sharing_enabled":true,"brands":[],"_links":{"self":[{"href":"https:\/\/www.lager-sales.de\/index.php\/wp-json\/wp\/v2\/product\/558","targetHints":{"allow":["GET"]}}],"collection":[{"href":"https:\/\/www.lager-sales.de\/index.php\/wp-json\/wp\/v2\/product"}],"about":[{"href":"https:\/\/www.lager-sales.de\/index.php\/wp-json\/wp\/v2\/types\/product"}],"wp:featuredmedia":[{"embeddable":true,"href":"https:\/\/www.lager-sales.de\/index.php\/wp-json\/wp\/v2\/media\/1001"}],"wp:attachment":[{"href":"https:\/\/www.lager-sales.de\/index.php\/wp-json\/wp\/v2\/media?parent=558"}],"wp:term":[{"taxonomy":"pwb-brand","embeddable":true,"href":"https:\/\/www.lager-sales.de\/index.php\/wp-json\/wp\/v2\/pwb-brand?post=558"},{"taxonomy":"product_brand","embeddable":true,"href":"https:\/\/www.lager-sales.de\/index.php\/wp-json\/wp\/v2\/product_brand?post=558"},{"taxonomy":"product_cat","embeddable":true,"href":"https:\/\/www.lager-sales.de\/index.php\/wp-json\/wp\/v2\/product_cat?post=558"},{"taxonomy":"product_tag","embeddable":true,"href":"https:\/\/www.lager-sales.de\/index.php\/wp-json\/wp\/v2\/product_tag?post=558"}],"curies":[{"name":"wp","href":"https:\/\/api.w.org\/{rel}","templated":true}]}}