{"id":906,"date":"2023-10-10T15:52:10","date_gmt":"2023-10-10T13:52:10","guid":{"rendered":"https:\/\/www.sophisticated-living.ka-sale.de\/?post_type=product&#038;p=906"},"modified":"2023-12-20T12:00:24","modified_gmt":"2023-12-20T12:00:24","slug":"motu","status":"publish","type":"product","link":"https:\/\/www.lager-sales.de\/index.php\/produkt\/motu\/","title":{"rendered":"Motu"},"content":{"rendered":"\r\n<h2 class=\"wp-block-heading\">WIE EINE INSEL IM <strong>PAZIFIK<\/strong><\/h2>\r\n\r\n\r\n\r\n<p>Alle Elemente sind rundum komplett verarbeitet, sodass sie sich flexibel zusammenstellen lassen.<br \/><br \/>Die organische Sitzgruppe MOTU des neuseel\u00e4ndischen Nachwuchsdesigners Jonas Froetschl besticht durch ihre Vielseitigkeit. Als modulare Lounge in verschiedene Richtungen ausgerichtet, mit integrierten Tischfl\u00e4chen oder Hockern. Oder auch als kleine Einheiten f\u00fcr Appartments oder Hotelzimmer. So eignet sich dieses M\u00f6bel f\u00fcr unterschiedlichste Einsatzbereiche: vom Empfangs- oder Wartebereich, Chefb\u00fcros, \u00fcber die Hotelausstattung und Gastronomie bis hin zur Shop Ausstattung und gleichzeitig kleine Wohnungen oder mobile Wohneinheiten.<\/p>\r\n","protected":false},"excerpt":{"rendered":"<p>Modularsofa<\/p>\n<p>Konfiguration: 2-Sitzer AL links, Hocker m. Holzauflage, Eckelement<br \/>Ma\u00dfe (cm): B231 x L120 x H73 inkl. Fu\u00df (SH 38cm)<br \/>Preiskategorie: Stoff B<br \/>Bezug: Genesis 12 wintermoss<br \/>Fu\u00df: Holz \/ dunkelbraun \/ 3cm<br \/>UVP (inkl.MwSt.) EUR 3.970,-<br \/>Anmerkungen: Deko-Kissen im Preis nicht inbegriffen<\/p>\n","protected":false},"featured_media":911,"template":"","meta":{"inline_featured_image":false,"_sitemap_exclude":false,"_sitemap_priority":"","_sitemap_frequency":""},"pwb-brand":[],"product_brand":[],"product_cat":[23],"product_tag":[],"class_list":{"0":"post-906","1":"product","2":"type-product","3":"status-publish","4":"has-post-thumbnail","6":"product_cat-sofa","8":"first","9":"outofstock","10":"sale","11":"sold-individually","12":"shipping-taxable","13":"purchasable","14":"product-type-simple"},"jetpack_sharing_enabled":true,"brands":[],"_links":{"self":[{"href":"https:\/\/www.lager-sales.de\/index.php\/wp-json\/wp\/v2\/product\/906","targetHints":{"allow":["GET"]}}],"collection":[{"href":"https:\/\/www.lager-sales.de\/index.php\/wp-json\/wp\/v2\/product"}],"about":[{"href":"https:\/\/www.lager-sales.de\/index.php\/wp-json\/wp\/v2\/types\/product"}],"wp:featuredmedia":[{"embeddable":true,"href":"https:\/\/www.lager-sales.de\/index.php\/wp-json\/wp\/v2\/media\/911"}],"wp:attachment":[{"href":"https:\/\/www.lager-sales.de\/index.php\/wp-json\/wp\/v2\/media?parent=906"}],"wp:term":[{"taxonomy":"pwb-brand","embeddable":true,"href":"https:\/\/www.lager-sales.de\/index.php\/wp-json\/wp\/v2\/pwb-brand?post=906"},{"taxonomy":"product_brand","embeddable":true,"href":"https:\/\/www.lager-sales.de\/index.php\/wp-json\/wp\/v2\/product_brand?post=906"},{"taxonomy":"product_cat","embeddable":true,"href":"https:\/\/www.lager-sales.de\/index.php\/wp-json\/wp\/v2\/product_cat?post=906"},{"taxonomy":"product_tag","embeddable":true,"href":"https:\/\/www.lager-sales.de\/index.php\/wp-json\/wp\/v2\/product_tag?post=906"}],"curies":[{"name":"wp","href":"https:\/\/api.w.org\/{rel}","templated":true}]}}