{"id":917,"date":"2023-10-10T16:28:52","date_gmt":"2023-10-10T14:28:52","guid":{"rendered":"https:\/\/www.sophisticated-living.ka-sale.de\/?post_type=product&#038;p=917"},"modified":"2025-07-06T04:27:03","modified_gmt":"2025-07-06T04:27:03","slug":"alana-2","status":"publish","type":"product","link":"https:\/\/www.lager-sales.de\/index.php\/produkt\/alana-2\/","title":{"rendered":"Alana"},"content":{"rendered":"\r\n<h2 class=\"wp-block-heading\"><strong>DESIGN MEETS HOME<\/strong><\/h2>\r\n\r\n\r\n\r\n<p>Super leger und gro\u00dfz\u00fcgig. Diese \u00fcberaus komfortable Couch l\u00e4dt zum Faulenzen ein \u2013 am besten mit der ganzen Familie und insbesondere die l\u00e4ssige Chaiselongue bietet Platz zum Kuscheln. Die Polsterung \u2013 ein eher weicher Sitzkomfort l\u00e4sst einen in die Kissen versinken. Auch die F\u00fc\u00dfe sind mit ihrer schmal zulaufenden Sil\u00adhouette einen zweiten Blick wert. Das Sofa wirkt so fast schwebend und l\u00e4sst Raum f\u00fcr den Staubsaugerroboter. Der ideale Platz f\u00fcr das n\u00e4chste Wochenende und nat\u00fcrlich auch l\u00e4ssige Stunden unter der Woche.<br \/><br \/>Diese Sofaserie tr\u00e4gt den Namen der US-amerikanischen Profi-Surferin und Model Alana Rene Blanchard (* 5. M\u00e4rz 1990). Sie ist in Princeville, auf Kauai\/Hawaii geboren.<\/p>\r\n","protected":false},"excerpt":{"rendered":"<p>Sofakombination<\/p>\n<p>Konfiguration: Chaiselongue 1 AL rechts, 2,5-Sitzer AL links<br \/>Ma\u00dfe (cm): B290x T170\/105 x H67 inkl. Fu\u00df (SH 45cm)<br \/>Preiskategorie: Stoff B<br \/>Bezug: Danubio dark grey<br \/>Fu\u00df: Aluminium \/ Silber \/ 17cm<br \/>UVP (inkl.MwSt.) EUR 3.645,-<br \/>Anmerkung: Abgebildete Kissen im Preis nicht mit inbegriffen<\/p>\n","protected":false},"featured_media":985,"template":"","meta":{"inline_featured_image":false,"_sitemap_exclude":false,"_sitemap_priority":"","_sitemap_frequency":""},"pwb-brand":[],"product_brand":[],"product_cat":[23],"product_tag":[],"class_list":{"0":"post-917","1":"product","2":"type-product","3":"status-publish","4":"has-post-thumbnail","6":"product_cat-sofa","8":"first","9":"instock","10":"sale","11":"sold-individually","12":"shipping-taxable","13":"purchasable","14":"product-type-simple"},"jetpack_sharing_enabled":true,"brands":[],"_links":{"self":[{"href":"https:\/\/www.lager-sales.de\/index.php\/wp-json\/wp\/v2\/product\/917","targetHints":{"allow":["GET"]}}],"collection":[{"href":"https:\/\/www.lager-sales.de\/index.php\/wp-json\/wp\/v2\/product"}],"about":[{"href":"https:\/\/www.lager-sales.de\/index.php\/wp-json\/wp\/v2\/types\/product"}],"wp:featuredmedia":[{"embeddable":true,"href":"https:\/\/www.lager-sales.de\/index.php\/wp-json\/wp\/v2\/media\/985"}],"wp:attachment":[{"href":"https:\/\/www.lager-sales.de\/index.php\/wp-json\/wp\/v2\/media?parent=917"}],"wp:term":[{"taxonomy":"pwb-brand","embeddable":true,"href":"https:\/\/www.lager-sales.de\/index.php\/wp-json\/wp\/v2\/pwb-brand?post=917"},{"taxonomy":"product_brand","embeddable":true,"href":"https:\/\/www.lager-sales.de\/index.php\/wp-json\/wp\/v2\/product_brand?post=917"},{"taxonomy":"product_cat","embeddable":true,"href":"https:\/\/www.lager-sales.de\/index.php\/wp-json\/wp\/v2\/product_cat?post=917"},{"taxonomy":"product_tag","embeddable":true,"href":"https:\/\/www.lager-sales.de\/index.php\/wp-json\/wp\/v2\/product_tag?post=917"}],"curies":[{"name":"wp","href":"https:\/\/api.w.org\/{rel}","templated":true}]}}